{"id":241,"date":"2023-01-12T19:09:03","date_gmt":"2023-01-12T18:09:03","guid":{"rendered":"https:\/\/coolfrog13.wordpress.com\/?page_id=241"},"modified":"2024-01-24T15:12:34","modified_gmt":"2024-01-24T14:12:34","slug":"impressum","status":"publish","type":"page","link":"https:\/\/hwp-architekten.de\/?page_id=241","title":{"rendered":"Impressum"},"content":{"rendered":"\n<p><strong>HWP Hauss, Walla + Partner GmbH<\/strong><br>Architekturb\u00fcro Heidelberg<br>Ringstra\u00dfe 19 D<br>69115 Heidelberg<\/p>\n\n\n\n<p>Telefon: 06221 \/ 45 80 0<br>Telefax: 06221 \/ 45 80 80<br>E-Mail:&nbsp;<a href=\"mailto:mail@hwp-architekten.de\">mail@hwp-architekten.de<\/a>&nbsp;<br>Web:&nbsp;<a href=\"http:\/\/www.hwp-architekten.de\/\" target=\"_blank\" rel=\"noreferrer noopener\">www.hwp-architekten.de<\/a>&nbsp;<\/p>\n\n\n\n<p>Vertreten durch:<br>Uwe Hilpisch, Dipl.-lng., Freier Architekt, Gesch\u00e4ftsf\u00fchrender Gesellschafter<br>Andreas Veil, Dipl.-lng. (FH), Architekt, Gesch\u00e4ftsf\u00fchrender Gesellschafter<\/p>\n\n\n\n<p>Inhaltlich verantwortlich gem\u00e4\u00df \u00a7 5 TMG, \u00a755 RStV:<br>Uwe Hilpisch und Andreas Veil<\/p>\n\n\n\n<p>Umsatzsteuer-Identifikationsnummer gem. \u00a727 Umsatzsteuergesetz: DE 143446271<\/p>\n\n\n\n<p>Berufshaftpflichtversicherung: HDl Versicherung AG, Heilbronner Str. 158, 70191 Stuttgart<\/p>\n\n\n\n<p>Eintrag in die Architektenliste der Architektenkammer Baden-W\u00fcrttemberg:<br>Uwe Hilpisch, Dipl.-lng., Freier Architekt- ALNR: 38563<br>Andreas Veil, Dipl.-lng. (FH), Architekt- ALNR: 68701<\/p>\n\n\n\n<p>Das B\u00fcro unterliegt der Berufsordnung der Architektenkammer Baden-W\u00fcrttemberg, einsehbar unter&nbsp;<a href=\"http:\/\/www.akbw.de\/\" target=\"_blank\" rel=\"noreferrer noopener\">www.akbw.de<\/a>.<\/p>\n\n\n\n<p>Eintragungen beim Amtsgericht Mannheim im Handelsregister B 33 4292<\/p>\n\n\n\n<p>Quellenangaben Bilder und Grafiken:<br>HWP Hauss, Walla + Partner GmbH<\/p>\n\n\n\n<p>Technische Umsetzung und Realisation:&nbsp;<a href=\"https:\/\/www.nullacht15.com\/\" target=\"_blank\" rel=\"noreferrer noopener\">Nullacht15<\/a><\/p>\n\n\n\n<p><strong>Bildmaterial:<\/strong><\/p>\n\n\n\n<p>HWP Hauss, Walla + Partner GmbH<\/p>\n\n\n\n<p><a href=\"http:\/\/www.edwinemerlich.com\/?lang=de\" target=\"_blank\" rel=\"noreferrer noopener\">Edwin Emerlich<\/a><\/p>\n\n\n\n<ul class=\"wp-block-list\">\n<li><a rel=\"noreferrer noopener\" href=\"http:\/\/www.hwp-architekten.de\/service\/berufsordnung\/\" target=\"_blank\">Berufsordnung<\/a><\/li>\n\n\n\n<li><a href=\"https:\/\/hwp-architekten.de\/?page_id=249\" data-type=\"page\" data-id=\"249\">Datenschutz<\/a><\/li>\n<\/ul>\n\n\n\n<div style=\"height:100px\" aria-hidden=\"true\" class=\"wp-block-spacer\"><\/div>\n","protected":false},"excerpt":{"rendered":"<p>HWP Hauss, Walla + Partner GmbHArchitekturb\u00fcro HeidelbergRingstra\u00dfe 19 D69115 Heidelberg Telefon: 06221 \/ 45 80 0Telefax: 06221 \/ 45 80 80E-Mail:&nbsp;mail@hwp-architekten.de&nbsp;Web:&nbsp;www.hwp-architekten.de&nbsp; Vertreten durch:Uwe Hilpisch, Dipl.-lng., Freier Architekt, Gesch\u00e4ftsf\u00fchrender GesellschafterAndreas Veil, Dipl.-lng. (FH), Architekt, Gesch\u00e4ftsf\u00fchrender Gesellschafter Inhaltlich verantwortlich gem\u00e4\u00df \u00a7 5 TMG, \u00a755 RStV:Uwe Hilpisch und Andreas Veil Umsatzsteuer-Identifikationsnummer gem. \u00a727 Umsatzsteuergesetz: DE 143446271 Berufshaftpflichtversicherung: HDl [&hellip;]<\/p>\n","protected":false},"author":1,"featured_media":0,"parent":0,"menu_order":0,"comment_status":"closed","ping_status":"closed","template":"","meta":{"footnotes":""},"class_list":["post-241","page","type-page","status-publish","hentry"],"_links":{"self":[{"href":"https:\/\/hwp-architekten.de\/index.php?rest_route=\/wp\/v2\/pages\/241","targetHints":{"allow":["GET"]}}],"collection":[{"href":"https:\/\/hwp-architekten.de\/index.php?rest_route=\/wp\/v2\/pages"}],"about":[{"href":"https:\/\/hwp-architekten.de\/index.php?rest_route=\/wp\/v2\/types\/page"}],"author":[{"embeddable":true,"href":"https:\/\/hwp-architekten.de\/index.php?rest_route=\/wp\/v2\/users\/1"}],"replies":[{"embeddable":true,"href":"https:\/\/hwp-architekten.de\/index.php?rest_route=%2Fwp%2Fv2%2Fcomments&post=241"}],"version-history":[{"count":3,"href":"https:\/\/hwp-architekten.de\/index.php?rest_route=\/wp\/v2\/pages\/241\/revisions"}],"predecessor-version":[{"id":1127,"href":"https:\/\/hwp-architekten.de\/index.php?rest_route=\/wp\/v2\/pages\/241\/revisions\/1127"}],"wp:attachment":[{"href":"https:\/\/hwp-architekten.de\/index.php?rest_route=%2Fwp%2Fv2%2Fmedia&parent=241"}],"curies":[{"name":"wp","href":"https:\/\/api.w.org\/{rel}","templated":true}]}}